(-6)*-3?
3
Let s(c) = 2*c**2 - 4*c - 12. What is the units digit of s(6)?
6
Let l(t) be the third derivative of 0*t + 0 + 3/2*t**3 + 2/15*t**5 + 7/24*t**4 + 1/120*t**6 - t**2. What is the units digit of l(-7)?
9
Let s(g) = -g**2 - 10*g + 6. Let x be s(-10). Suppose -x*b = -b - 20. What is the units digit of b?
4
What is the units digit of (-2 - (-1520)/15) + (-4)/(-6)?
0
Suppose 0 = -3*l - z + 238, 2*l + l - 2*z - 235 = 0. What is the units digit of l?
9
Let j = -15 - -52. What is the tens digit of j?
3
Let d = 43 - 26. What is the tens digit of d?
1
Let g(d) = 2 - d**2 - 2 - 7*d + 2. Let j be g(-6). What is the units digit of -4*(2 - 26/j)?
5
Suppose 0 = 9*f - 6*f - 147. What is the tens digit of f?
4
Let o(q) = 2*q**2 - 4*q - 3. Let w be o(3). What is the units digit of 3 + w/((-6)/(-2))?
4
Let f(r) = 3*r**2. Let y be f(1). Suppose -3*j + s = -39, -4*j = -2*j + y*s - 15. What is the tens digit of j?
1
Let p(d) = d + 3. Let q be p(-4). Let y(k) = -21*k**3 + k**2 - k - 1. What is the tens digit of y(q)?
2
Suppose -3*s = n - 110, -4*s + 140 = -0*s - 2*n. What is the units digit of s?
6
Let y(d) = d**2 - 2*d - 3. Let x be y(4). Suppose 2*n - 2*p = 2*p + 46, -87 = -x*n + 3*p. Let l = -6 + n. What is the units digit of l?
9
Let y = -1 - -4. Suppose -b - 16 = -y*b - 5*x, 5*x = b + 7. What is the units digit of b?
3
Let l = -3 - -7. Suppose -v = -2*v. Suppose t - 2*t + l = v. What is the units digit of t?
4
Let w(h) = -h + 6. Suppose x + 2*m - 6*m = 36, -2*x + 52 = -3*m. Suppose 0*d - 4*d = -x. What is the units digit of w(d)?
1
Suppose 9*g - 4*g = 0. Let y(s) = -s + 3. Let k be y(g). Suppose -k*b - 2*b + 35 = 0. What is the units digit of b?
7
Suppose 4*l - l - 25 = 5*x, -l + 15 = -3*x. Suppose -3*v + v + 2 = l. Suppose -4*j + 2*j + b = -8, -b = j - v. What is the units digit of j?
3
Let t = -12 + 9. Suppose 5*p - 38 = 3*p. Let d = p + t. What is the units digit of d?
6
Let q be (-2 - -46) + 0 + 3. Let s = q - 29. What is the tens digit of s?
1
Let k(q) = 2*q**2 - 9*q - 3. What is the units digit of k(9)?
8
Suppose -3*c - 1 - 11 = 0. Let q be (2/c)/((-4)/8). Suppose 3*u - 45 = -5*l, 4*l - 5*u + q + 0 = 0. What is the units digit of l?
6
What is the tens digit of (0 + -2 - 2) + 880/5?
7
Let h = 31 + -17. What is the tens digit of h?
1
Suppose 10*k = 2585 - 285. What is the tens digit of k?
3
Let c be (-2 - -12) + -1*3. Let p = 12 - c. What is the units digit of p?
5
Let g = -9 + 11. Let b be 94/(-12) + g/(-12). Let i = b + 27. What is the units digit of i?
9
Let g(y) = 3*y**3 + 2*y**2 + 2*y - 1. Let w be g(3). What is the units digit of ((-2)/(-8))/(2/w)?
3
Let k(i) be the third derivative of i**5/60 + 5*i**4/12 + 3*i**3/2 - 7*i**2. What is the units digit of k(-10)?
9
Suppose -r = 3*w + 2*w + 18, 0 = 5*r + 4*w + 6. Suppose 0 = -r*f - 0*f + 28. What is the units digit of f?
4
Suppose -121*d = -118*d - 108. What is the tens digit of d?
3
Suppose 20 + 150 = 5*t. Suppose 2*a - 4*p = t, 5*a - 69 = -0*a + 2*p. What is the tens digit of a?
1
Let t = 12 + -9. Let r(m) = 4*m**2 - 3*m - 2. What is the tens digit of r(t)?
2
What is the hundreds digit of (-78)/429 - 3326/(-22)?
1
Suppose 17 = j + 4*i, 2*j - 43 = -3*i - 4. Let d = 5 - j. Let p = d - -23. What is the units digit of p?
7
Suppose -3*p = -213 + 39. What is the units digit of p?
8
What is the units digit of (-1)/(2/6) + 49?
6
Suppose 4*f - 28 = -0*v - 4*v, 2*v - 4 = 0. Suppose -3*b - 3*h = -0*b + 3, -5*h - 35 = -f*b. What is the units digit of b?
3
Suppose 2*p - 31 = -3*h, -5*h = -p - 0*p - 69. What is the units digit of h?
3
Let k = -5 - -3. Suppose -8*s + 7*s = 27. What is the tens digit of k/9 - 384/s?
1
Suppose n = p - 32, -3*n + 26 = p + 2*n. What is the tens digit of p?
3
Let p = 1 + 21. Let d = -8 + p. What is the units digit of d?
4
Suppose -s + 164 = 3*q, 0*s - 621 = -4*s - 5*q. What is the hundreds digit of s?
1
Let h = 62 + -11. Suppose 0 = 5*u + 14 + h. Let k = -8 - u. What is the units digit of k?
5
Let t be 94/(-14) - 4/14. Let b(x) = -x**2 - 8*x - 5. What is the units digit of b(t)?
2
What is the hundreds digit of 7/(7/(-2)) + 106?
1
What is the tens digit of (-3)/(-2)*680/30?
3
Let l(y) = 9 - 7 + 16*y - 1. Let m be l(1). Suppose m + 31 = 4*k. What is the tens digit of k?
1
Suppose 11*k = 12*k - 108. What is the tens digit of k?
0
Let m(q) = q**3 - 3*q**2 - q**2 + 4*q**2 - 4 - 6*q**2 + q. Let d be m(6). Suppose -k + d = k. What is the units digit of k?
1
Let f(c) = c - 9. Let w be (-4*2 - 0)/(-2). Let a be f(w). Let z(p) = -p**2 - 7*p - 7. What is the units digit of z(a)?
3
Let i be 4/(-24) - 31/(-6). Let o = i - -11. Suppose o + 11 = 3*x. What is the units digit of x?
9
Let z = 76 + -38. What is the tens digit of z?
3
Let l(r) = -2 - r + 0*r + 3. Let a(y) = 3*y - 3. Let g(n) = -2*a(n) - 5*l(n). What is the units digit of g(-5)?
6
Let n(u) = u**3 - 4*u**2 + 3*u - 1. Let s be n(5). Suppose -k + 3*k = -2, 0 = -2*w + 3*k + s. What is the tens digit of w?
1
Let w(x) = -x**2 - x + 6. Suppose 4*m - z = 0, -5*m + 3*z + 7 + 0 = 0. Let t be -1 - 1 - (m + -1). What is the units digit of w(t)?
6
What is the tens digit of (-8)/(3/18*6/(-21))?
6
Let x = -148 - -239. What is the tens digit of x?
9
Suppose -3*h - 9 = 3*x - 2*h, -5*h + 19 = -x. Let q be (-16 - -13)*(3 + 0). What is the units digit of q/x*8/2?
9
Suppose -7*y = -9*y + 2. Suppose 0 = -u + y + 2. What is the units digit of u?
3
Let o = 4 - 2. Suppose -2*x + 30 - 7 = -5*f, -3*f - 17 = o*x. Let u = 13 + f. What is the units digit of u?
8
Let p(h) = -h**3 + 8*h**2 + 4. Let n be (7 + 1)*12/12. What is the units digit of p(n)?
4
Let p(s) = -s**3 + 5*s**2 - 3*s + 1. What is the units digit of p(4)?
5
Suppose -17 = -5*c + 58. What is the tens digit of c?
1
Let r(a) = -a**2 + a. Let v(w) = -3*w - 6. Let i be v(-4). Let y(u) = -4*u**3 + 7*u**2 - 7*u - 1. Let z(s) = i*r(s) + y(s). What is the units digit of z(-1)?
5
Let k(l) = l**3 + l - 1. Let t(u) = -2*u**3 + 8*u**2 - 13*u - 9. Let a(s) = -3*k(s) - t(s). What is the units digit of a(-9)?
3
Let n(u) = 6*u - 27. What is the units digit of n(15)?
3
Suppose 5*z = -0*z + 35. Suppose -5*o + 9 = -4*l, -3*l = 2*o - z*o + 13. What is the tens digit of l + -3 + 13*1?
1
Let a = -21 + 38. Let m = a + -9. What is the units digit of m?
8
Suppose 2 = a, 6*a = -3*m + a + 208. What is the tens digit of m?
6
What is the units digit of -14*2/(-4) - 0?
7
Suppose 2*m + m = 15. Suppose 4*i - m*i = -3*n - 9, 23 = 4*i + n. Suppose -i*f + f = -45. What is the units digit of f?
9
What is the tens digit of 19 - 6/(-3)*1?
2
Let u(a) = -a**3 - 6*a**2 - 2*a - 8. Let y be u(-6). Suppose -1 + 33 = y*q - 3*p, 0 = 3*q - p - 19. What is the tens digit of ((-2)/q)/(2/(-60))?
1
Let i = 95 - 67. What is the units digit of i?
8
Let d(t) = 3*t**2 + 11*t - 26. Let j(p) = p**2 + 4*p - 9. Let b(v) = -4*d(v) + 11*j(v). What is the units digit of b(0)?
5
Suppose -6*z + 9*z - 192 = 0. What is the tens digit of z?
6
Let k be (3 + -1)*(-14)/(-4). Let r = -1 - 2. Let b = k + r. What is the units digit of b?
4
Suppose -3*t - 4*a = -143, -7*a - 16 = -t - 2*a. What is the units digit of t?
1
Suppose 4*x - 4*w - w + 41 = 0, 2*x + 5*w + 43 = 0. Let b = x - -20. Suppose -f - 50 = -b*f. What is the tens digit of f?
1
Let m(l) = 4*l + 8. Let a be m(9). Let r = a - 14. What is the units digit of r?
0
Suppose 0 = -0*s + 3*s - 5*h - 13, -3*h - 11 = -5*s. Let k = -18 + 23. What is the units digit of s*(k*2 - 1)?
9
What is the units digit of (8/(-12))/2*-3?
1
Let k = 8 + -19. Let g = -8 - k. Suppose 0 = g*s - 9 - 0. What is the units digit of s?
3
Let v(q) = 2*q - 2. Let o be v(-3). Let u(b) = b + 16. What is the units digit of u(o)?
8
Suppose 5*k - 2*v - 44 = k, 5*v = 20. What is the units digit of k?
3
Suppose 0 = 3*f + 5*n - 78, -4*n = -f + 2*f - 26. What is the tens digit of f?
2
Let n = 21 - 11. Suppose -2*h + n = 3*a - 6*a, 5*h - 2 = -4*a. What is the units digit of h?
2
Let z(r) = -r**2 - 14*r + 10. What is the units digit of z(-7)?
9
Suppose 4*w - 5*w = 0. Suppose -5*g + w + 55 = 0. What is the tens digit of g?
1
Let c = -61 + 137. What is the units digit of c?
6
Let z = 1 - -33. What is the units digit of z?
4
Let s(k) = 80*k**3 - k**2 + 2*k - 2. What is the tens digit of s(1)?
7
Let o be (-99)/(-6)*8/6. Let v = -16 + o. What is the units dig